e remainder when g is divided by m?
16
What is the remainder when 386 is divided by 1/(3 + -1)*(-76 + 110)?
12
Suppose 0*v + v - 57 = 0. Let j be -3 + 36/3 + -3. Suppose 21 = c + j. Calculate the remainder when v is divided by c.
12
Let i be 29 + -4*2/(-8). Suppose -7*d + i = -40. Calculate the remainder when 18 is divided by d.
8
Suppose 3*v = j + 4*j + 45, -2*j = v - 15. Suppose 5*l + 7*l - 468 = 0. Calculate the remainder when l is divided by v.
9
Calculate the remainder when (432/(-45) - -6)/((-2)/55) is divided by 32.
3
Let c(v) = 25*v**3 - 2*v**2 + 1. Calculate the remainder when (-12 - -111)*4/6 is divided by c(1).
18
Let f(m) = -m**2 + 32*m - 4. Calculate the remainder when f(28) is divided by 37.
34
Suppose 3*d + 3*j - 60 = 0, 6*j = d + 10*j - 35. What is the remainder when 53 is divided by d?
8
Let y(l) = -18*l**3 + l**2 - 4*l - 4. What is the remainder when y(-1) is divided by 12 + 0 + -1 - 0?
8
Suppose n - 3*n + 6 = 0. Suppose 0 = -2*y - 0*y. Suppose 5*s + 219 = n*x - 39, -2*s = y. What is the remainder when x is divided by 22?
20
Let i = -75 + 79. Suppose b = -3, i*q - 296 = -2*b + 118. What is the remainder when q is divided by 12?
9
Let c = 87 + -76. Suppose 0 = -9*j + c*j - 14. What is the remainder when 52 is divided by j?
3
Let z = 2 - 3. Let b(d) = -21*d - 1. Let q = -2619 + 2626. Calculate the remainder when b(z) is divided by q.
6
Let d(k) = 2*k**2 - 3*k - 3. Let u be d(-2). Let w = u + -17. Let g(t) = t**2 - 3*t - 6. What is the remainder when g(w) is divided by 17?
14
Let q = 3 + 11. Suppose 0 = 11*x - q*x + 267. Calculate the remainder when x is divided by 23.
20
Suppose 33*w + 5650 = 58*w. What is the remainder when w is divided by 19?
17
Let q = -691 + 721. What is the remainder when 328 is divided by q?
28
Let m = 108 - 98. What is the remainder when 198 is divided by m?
8
Suppose -4*g = -5*x + 348, -3*g - 204 = -g + 5*x. Calculate the remainder when 2/((-146)/g - (-12)/(-8)) is divided by 14.
9
Let r = -1 + -3. Let h be 47 + ((-12)/r)/(-1). Suppose -33 = -2*x - y, 4*y + 28 = 4*x - h. What is the remainder when 64 is divided by x?
13
Calculate the remainder when 92 is divided by 62*(-17)/17*(-2)/4.
30
Suppose -o - 38 - 74 = -3*a, -3*a + 2*o = -113. Suppose 2*l + l = 3*m + 60, -4 = -4*m. What is the remainder when a is divided by l?
16
Suppose 0 = 3*h + 3*a - 6*a - 30, 16 = -4*a. Suppose h*d - 2*d = 0. Suppose -n - 29 - 32 = -3*p, d = -p - n + 23. What is the remainder when p is divided by 8?
5
Suppose -2*s = -3*m, -2*s = -5*s. Suppose -2*z + 8*z - 852 = m. What is the remainder when z is divided by 49?
44
Suppose 13*n - 241 = 513. What is the remainder when 141 is divided by n?
25
Calculate the remainder when 2335 is divided by (112/(-20))/((-16)/40).
11
Let i(u) = u + 27. Let o(d) = -d**3 + d**2 + 11*d + 9. Let l be o(-3). Suppose 0 = -z - z + 154. Calculate the remainder when z is divided by i(l).
38
Let v be (-546)/(-27) + 2/(-9). Suppose 0 = -7*z + 2*z + 175. Calculate the remainder when z is divided by 368/v - (-2)/(-5).
17
Suppose 0*g + 603 = 4*g - 3*z, 760 = 5*g - 5*z. Let m(h) = -7*h - 6. Calculate the remainder when g is divided by m(-8).
47
Suppose 99*v = 95*v - 672. What is the remainder when ((-22)/(-3))/((-14)/v) is divided by 10?
8
Calculate the remainder when 137 is divided by -1 - ((-2)/14 - 162/42).
2
Suppose 0 = -0*x + 3*x - 6. Suppose -5*i + 17*o + 41 = 14*o, -3*i + 2*o + 25 = 0. Let m = i - x. What is the remainder when m is divided by 4?
1
Let b(r) = -r + 1. Let k(u) = -u**2 + 9*u - 1. Let v(h) = b(h) + k(h). What is the remainder when 32 is divided by v(7)?
4
Let q = -42 + 59. Suppose 5*j - 109 = -s, 36 = -2*s + 4*j + 226. What is the remainder when s is divided by q?
14
Suppose -29*n = -30*n + 7. What is the remainder when 59 is divided by n?
3
Suppose -12*p = -310 + 22. What is the remainder when 60 is divided by p?
12
Suppose 221 = 7*x + 10*x. What is the remainder when 231 is divided by x?
10
Suppose -d = 4*f - f - 228, -4*f + 3*d = -291. What is the remainder when 293 is divided by f?
68
Suppose -22*s = -3*s - 209. Calculate the remainder when 173 is divided by s.
8
Let c(b) = 3*b**2 + 12*b - 32. What is the remainder when c(3) is divided by 7?
3
Let b = 23 + -20. Suppose -5*n + 3*n = -2*y + 40, 5*n - 62 = -4*y. What is the remainder when y is divided by b?
0
Suppose -2*o + 2*x - 6 = -3*x, -5*o - 61 = -x. Let s(n) = n + 20. Let v(i) = i**3 - 5*i**2 - 5*i. Calculate the remainder when s(o) is divided by v(6).
1
Let j = -100 - -109. Let y(c) = -c**2 + 15*c + 5. What is the remainder when y(j) is divided by 10?
9
Let f = 6 + -2. Let b(l) = l**3 - 3*l**2 - 3*l + 1. Let z be b(4). Suppose c + 24 = 2*y, 49 = 4*y + c - z. What is the remainder when y is divided by f?
1
Suppose 49 = 4*x - 91. Let r = -21 + x. Suppose 0 = r*f - 19*f + 75. Calculate the remainder when 28 is divided by f.
13
Let q be 1*((-3)/6)/((-1)/16). Let a(d) = d**2 + 9*d - 8. Calculate the remainder when a(-12) is divided by 5 - (3 + (2 - q)).
4
Let i be (1 + 0)*((-24)/(-3) + -3). Suppose -18 = -3*r + i*d + 32, 31 = 2*r - d. Calculate the remainder when r is divided by (0 + -12)*(-2)/3.
7
Suppose w + 2 = 0, -6*t = -7*t + 2*w + 27. What is the remainder when 229 is divided by t?
22
Let j = -97 - -26. Let k = -29 - j. Let v = 525 - 503. Calculate the remainder when k is divided by v.
20
Let k be (48/28)/((-2)/(-21)). Suppose 3*j - k = -3*g, -5*g + 2*j = j - 30. What is the remainder when 22 is divided by g?
4
Let i be (1/(-3))/((-2)/30). Suppose 6*b = 3*b - 5*f + 22, 0 = -4*b + i*f + 6. Suppose -b*q + 121 - 9 = 0. Calculate the remainder when q is divided by 15.
13
Let x = 654 + -647. Calculate the remainder when 37 is divided by x.
2
Let s = -2215 - -2247. Calculate the remainder when 633 is divided by s.
25
Suppose -4*w + 6 = -6. Let t(g) = 20*g - 1. Calculate the remainder when t(w) is divided by ((-22)/55)/(3/(-120)).
11
Suppose a - 4 = -5, 3*a - 3 = -2*y. Calculate the remainder when y is divided by ((-76)/95)/(4/(-10)).
1
What is the remainder when 5/20 + 150/8 is divided by 3/(1*(-4)/8*-2)?
1
Suppose 8*b = -2*b + 360. Calculate the remainder when 46 is divided by 27/b - 58/(-8).
6
Let w(s) = 2*s**2 + 52*s + 148. What is the remainder when 178 is divided by w(-23)?
8
Suppose -14 = -7*s + 14. Let d(l) = l**3 - 2*l**2 - 5*l + 14. What is the remainder when d(s) is divided by 4?
2
Let q(w) = -w + 37. Calculate the remainder when 180 is divided by q(20).
10
Suppose 0 = -w + 5*n, -2*n + 19 - 59 = -2*w. Suppose 9*o = -55 + 181. Calculate the remainder when w is divided by o.
11
Let h(i) = -24*i + 533. What is the remainder when h(20) is divided by 4?
1
Let u(a) = -18*a + 339. What is the remainder when 532 is divided by u(9)?
1
Suppose -5*x - 4*q = -820, -q + 4*q = -3*x + 489. Suppose 0 = -5*b + l + 151 + x, -4*b = -l - 256. What is the remainder when b is divided by 23?
17
Let q be (-886)/(-18) - 2/9. Suppose 4*m + q = -5*b, 4*b + 94 = 5*m + 22. Let t = b + 38. Calculate the remainder when 47 is divided by t.
22
Let m = -67 + 191. Suppose 3*z - k = -4*k + 90, -3*k = 4*z - m. Let o(l) = l**3 + l - 1. Calculate the remainder when z is divided by o(2).
7
Let j be (-2)/(8/(-3)) + 637/52. Suppose 42 = -j*b + 19*b. Calculate the remainder when 27 is divided by b.
6
Let w(x) = -8*x + 3*x - 3 + 0 - 1. Suppose -2*d + 3 = l + 4, -5*d + 10 = 5*l. What is the remainder when 31 is divided by w(d)?
9
Calculate the remainder when -6 + 13754/260 + 1/10 is divided by 4.
3
Suppose -820*z + 823*z - 495 = 0. Calculate the remainder when z is divided by 8.
5
Suppose -20*j = 69*j - 2314. What is the remainder when 100 is divided by j?
22
Calculate the remainder when 112 is divided by (-8)/(3 - ((-18)/10 + 5)).
32
Let t = -71 + 90. Let a(u) = u**2 + 6*u + 1. What is the remainder when a(6) is divided by t?
16
Let q(d) = -d**3 - 6*d**2 - 8*d + 14. Let i(v) = 4*v - 14. Let m be i(2). Calculate the remainder when q(m) is divided by 32.
30
Let i = -43 - -74. Suppose -j = -3*c + 17, 4*j - 3*c + 23 = -0*j. Calculate the remainder when (8/(-16))/(j/240) is divided by i.
29
Let d(y) = 4 - 2 - 2 + 3*y**2 - 1. What is the remainder when 93 is divided by d(-4)?
46
Let s(a) = 7*a + 5. Suppose 4 = 5*q + 4*b, 2*q = -2*b + 1 + 1. Calculate the remainder when 8 i